 Calculate the greatest common factor of n and 42.
21
Suppose -8*v = -9*v. Let z be (-429)/(-11) - (-1 - (v + 1)). Suppose -z = -j + 50. What is the greatest common factor of 13 and j?
13
Suppose -9*u + 327 + 1356 = 423. Suppose 110 = 4*o - 30. What is the greatest common divisor of o and u?
35
Let u(z) = 8*z**2 - 402*z + 187. Let b be u(51). What is the highest common divisor of 153 and b?
17
Let h be (-4 - (2 - 6))/(-2). Let a(q) = -q + 3. Let t be a(h). Suppose 31 = t*u - 2. Calculate the highest common divisor of u and 33.
11
Let a(l) = -274*l - 29. Let n be a(1). Let z = n + 408. Let g = 9 + 6. Calculate the highest common factor of g and z.
15
Let f be 3 + (-144)/45 + (-3 - 7912/(-10)). Calculate the greatest common divisor of f and 7289.
197
Suppose s + 2*s - 5*y = 8779, 8821 = 3*s + y. Calculate the highest common divisor of 52 and s.
26
Suppose 526 = 22*o - 4314. Suppose 0 = o*n - 190*n - 2520. Let i be 2/6 + (-214)/(-6). What is the greatest common factor of i and n?
12
Let b be 150/(-300) - ((-33)/9)/((-4)/(-1050)). What is the highest common divisor of b and 78?
26
Let o(h) = -147 - 65 - 56 + 19*h - 43 + 17. Let t be o(30). Calculate the highest common factor of t and 92.
92
Let t = -91621 - -91696. Suppose -2*b + 2*z = -160, -b - 4*b - 2*z + 365 = 0. Calculate the highest common factor of b and t.
75
Let z(m) = 5*m**2 - 304*m + 2711. Let y be z(9). Calculate the greatest common factor of 80 and y.
20
Suppose v + 2*v + 39 = 3*p, 5*v + 25 = 0. Suppose 3*j = -109 - p. Let u be (-26)/j*102/4. Calculate the greatest common divisor of u and 187.
17
Suppose 2*i - 42 = -i. Let w = -21486 + 21808. Calculate the highest common factor of i and w.
14
Let c(x) = x**3 - 24*x**2 + 128*x - 30. Let r be c(7). Let t(k) = -6*k**3 - 8*k**2 - 3*k - 3. Let p be t(-6). What is the highest common factor of p and r?
33
Suppose 2*n = 10*n + 368. Let d = -42 - n. Suppose -2*s = -4*u - 48, 4*u = 3*s - d*s. Calculate the highest common factor of s and 64.
16
Let p(n) = -n**2 - 11*n + 184. Let v be p(-20). Suppose 0 = -3*s + 16 - 1, 0 = v*i - s - 507. What is the highest common divisor of i and 112?
16
Suppose 0 = -l + 4. Suppose -4*r - 3*o = 20, -2*o + 5*o + 8 = 2*r. Let i be r/(-4)*(22 + -20). What is the greatest common divisor of i and l?
1
Suppose 5*q + 56 = 4*x, -4*x + 81*q = 82*q - 32. Calculate the highest common factor of x and 1467.
9
Let l be 24/(-10)*(210/4)/(-3). What is the highest common factor of 222 and l?
6
Let l = 168 - 25. Suppose 9*y = -2*y + l. Suppose 0 = 3*z + z + 8, m - 2*z = 56. What is the highest common divisor of m and y?
13
Let r(h) = 12*h - 4. Let p be r(4). Let f(v) = -311*v - 11293. Let j be f(-39). Calculate the greatest common factor of j and p.
44
Suppose 2303*d = 2341*d - 684. Calculate the greatest common factor of d and 86.
2
Suppose -22*i + 19*i + 480 = 0. Let g(r) = -1 - 2*r - 1 + 0*r - 2. Let x be g(-12). What is the greatest common factor of x and i?
20
Let u(d) = -d**3 - 13*d**2 - 46*d + 38. Let l be u(-10). What is the highest common divisor of l and 72?
18
Let v(l) = 2*l**2 + 3*l + 106. Let m be v(0). Let k = m - 86. Calculate the highest common divisor of 140 and k.
20
Suppose 22*z - 5*o - 24 = 21*z, -z - 2*o = 4. Calculate the highest common divisor of 908 and z.
4
Suppose 9*b - 5*c = 10*b - 328, -b - 3*c = -326. Suppose 3*r = w + 83 - b, 3*r = -4*w + 1035. What is the greatest common factor of w and 30?
15
Let r be (58 + -55)/(-1 - (-14)/8). Let h = -11 + 20. Let u(s) = s - 7. Let y be u(h). Calculate the greatest common factor of r and y.
2
Let p be (-2)/(-4)*410/1. Let l(w) = -2*w**2 - 28*w + 13721. Let d be l(76). Calculate the greatest common divisor of d and p.
41
Suppose 0 = 267*o - 204*o - 693. Suppose -2*d - 134 = -508. Calculate the greatest common divisor of o and d.
11
Suppose 0 = 2*x - 2, 4*g + 0*g - 119 = x. Let y be (9/g)/((-6)/104)*-20. What is the greatest common divisor of y and 130?
26
Let w = -21 + 20. Let v be 4 + -2*(w - 3). Let n be ((-56)/12)/((-4)/v). Calculate the greatest common factor of 2 and n.
2
Let u(o) = -9*o + 4*o**2 + 0 - 4 + 21*o + 0. Let g be u(-4). Let l be (-144)/(35/(-10) + 2). Calculate the highest common divisor of l and g.
12
Suppose 0 = -5*m + 3*v + 84, 76 = 4*m + 35*v - 33*v. Let g be -1*4 + (-826)/(-7). Calculate the greatest common factor of g and m.
6
Suppose 1575 - 435 = 38*s. Let v(l) = -3*l. Let r be v(-5). Calculate the highest common divisor of r and s.
15
Suppose -7*n + 8 = -391. Suppose 69 + 85 = 2*r. Let v = r - n. Calculate the greatest common divisor of 30 and v.
10
Suppose 4*i = -5*p + 1669, -p + 101 = 2*i - 240. What is the greatest common factor of 1927 and p?
47
Let m = 35254 - 35023. What is the greatest common factor of m and 273?
21
Suppose c - 12 - 29 = g, 106 = -2*g - 4*c. Let d = 50 + g. Suppose 3*f + d = m, -4*m + 54 = f + 4*f. What is the highest common factor of m and 99?
11
Let n(k) = k**3 - 9*k**2 - 4*k - 16. Let s be n(7). Let y = 22 - s. Let w = y + -108. What is the highest common divisor of 7 and w?
7
Let u be 46/69 + ((-8)/3 - 1). Let c(s) = -23*s**3 - 6*s**2 - 9*s - 16. Let t be c(u). What is the greatest common divisor of 68 and t?
34
Let a(u) = u**2 + u - 2. Let c be (1 - -3 - 0) + -2. Let p be a(c). Suppose -16 = p*w, 4*w - 73 - 127 = -3*h. Calculate the greatest common divisor of h and 18.
18
Let x = 120 - -178. Let l = 329 - x. Suppose -c - 4*c = -1395. Calculate the highest common factor of c and l.
31
Let x be (-2 - -1)*(-1 - -2). Let f be 3 + -3 - x*2. Let k = 6058 - 6057. Calculate the greatest common factor of f and k.
1
Let m = 32 + -42. Let t(i) = i + 11. Let a be t(m). Suppose 0 = -j - a + 2. What is the greatest common divisor of 3 and j?
1
Let p(y) = 98*y - 77. Let o be p(4). What is the highest common factor of o and 1827?
63
Suppose -7*y - 5*y + 180 = -312. Calculate the greatest common factor of 8487 and y.
41
Let r be 1/2*(139 - (-8 - -3)). Calculate the highest common factor of 1314 and r.
18
Let o = -69 + 72. Suppose 0 = -5*c + o + 22. Let n(l) = 19*l - 11. Let s be n(c). Calculate the highest common divisor of 12 and s.
12
Let v = -11276 + 11305. What is the highest common divisor of v and 551?
29
Suppose 6*s + 139 = 433. Let r be 1 + 299/(-273) + (-2062)/(-42). Calculate the highest common factor of s and r.
49
Let s = 55029 + -55012. Suppose -2*j = -0*j - 34. Calculate the greatest common factor of s and j.
17
Let f = -2448 + 4182. What is the highest common factor of 102 and f?
102
Let j(g) = 3*g**2 - 24*g + 74. Let b be 1/(16/12*3/16). Let t be j(b). Calculate the highest common factor of t and 169.
13
Suppose 6894 = 6*j - 2*s, -4581 = -4*j - 5*s + 8*s. Calculate the highest common divisor of j and 44.
4
Let y be ((-288)/21)/((-46)/966). What is the greatest common factor of y and 9?
9
Let q(y) = -y**2 + 16*y - 53. Let i be q(6). Let m = 240 - 237. What is the highest common divisor of m and i?
1
Let f = 81 - 81. Suppose 2*q + 3 - 17 = f. Suppose q*k + 13 = 69. Calculate the highest common divisor of k and 12.
4
Suppose -4*d - 2274 = -7349 - 8613. Calculate the highest common factor of 472 and d.
118
Suppose -61*f - 9*f = 28*f - 7840. Suppose -3*h - h + 480 = 0. Calculate the highest common factor of f and h.
40
Suppose 3*k - 2*f = -220, k - 3*k = -f + 148. Let z = -78 - k. Let q = 11 + z. Calculate the highest common divisor of 45 and q.
9
Let b = 29 + 13. Let c = 248 - 208. Let r be -4 + 0 + 20/25*c. What is the greatest common factor of r and b?
14
Suppose -5635 = -4*k - 2*i - 3*i, 4*i = 12. Suppose 0 = 1401*a - k*a + 308. What is the greatest common factor of a and 56?
7
Let f = -22 + 26. Suppose f*t = -5*m + 228, 5*t + m = -4*m + 280. Let g = -50 - -63. What is the greatest common divisor of g and t?
13
Let r(l) = 85*l**2 - 13*l + 9. Let d be r(3). Let g = 747 - d. What is the highest common factor of g and 192?
12
Let c(j) = -33*j + 236. Let p be c(4). Suppose -2*b - 20 = -z + 125, 0 = 2*z + 2*b - 284. What is the greatest common factor of z and p?
13
Suppose 2*x - 29 = -3*q, -3*x + 0*q = -2*q - 11. Let o(j) = 11*j**2 - 17*j + 3. Let i be o(x). What is the highest common factor of 3 and i?
3
Suppose -4*h = 29 - 9, -2*m = -4*h - 26. Suppose 0 = 554*c - 539*c - 60. Suppose b = c*t - 31, 8*b - m*b + 3 